- 9) + (-1055)/(-6). What is the units digit of 1/8 + 33418/z?
0
Suppose 4*s - 496 = 2*u, 3*s - 41 = 2*u + 451. Let k = u + 444. What is the hundreds digit of k?
2
Let m(w) = -10552*w + 6469. What is the ten thousands digit of m(-5)?
5
Suppose -94*b + 161*b = 93*b - 130338. What is the tens digit of b?
1
Suppose 24*c + 28*c + 20548 = 63*c. What is the tens digit of c?
6
Let x(o) = -16*o**2 - 6*o - 21. Let p(j) = 14*j**2 + 7*j + 21. Let s(f) = -5*p(f) - 4*x(f). Let k be s(-10). Let m = -359 - k. What is the units digit of m?
2
Let q = 22869 + -14596. What is the units digit of q?
3
Let a(c) = 4*c**2 - 7*c + 4. Let g be a(2). Suppose -g*i = -2*i. Suppose 138*y - 133*y - 1150 = i. What is the units digit of y?
0
Let m(p) = 104*p - 59. Let v = 126 + -120. What is the hundreds digit of m(v)?
5
Suppose -187*w = -181*w - 8724. What is the units digit of w?
4
What is the units digit of -13 + (-50)/(-5) + 3103 - -13?
3
Let v = -431 + 440. Let a(x) = 2*x**2 - 8*x + 33. What is the hundreds digit of a(v)?
1
Suppose 31*t = 19*t + 96432. What is the hundreds digit of t?
0
Suppose -160545 = -3*k - 4*u, 267516 = 5*k - 11*u - 2*u. What is the ten thousands digit of k?
5
Suppose 3*h = 2*j - 250, 2*h + 4*j = -0*h - 172. Suppose 4*b - 424 = 4*f, -f - 3*f + 3*b - 422 = 0. Let s = h - f. What is the tens digit of s?
2
Suppose -5*c + v + 98130 = -194912, 2*c + v = 117214. What is the tens digit of c?
0
Let v be (-4 - (-45)/10)/((-4)/(-8)). What is the tens digit of (-11)/((-22)/19)*v*22?
0
Let a(y) = -2841*y - 750. What is the tens digit of a(-14)?
2
Suppose 5*m - 5*h = -177 - 323, -m - 108 = 3*h. Let u = m - -223. Let d = -32 + u. What is the units digit of d?
9
Let r = 372 - 332. Let z = 457 - r. What is the hundreds digit of z?
4
Let r(h) = 2*h**2 + 6*h + 6. Let l be r(-2). Suppose 4*q = -16, -144 + 401 = 3*v - l*q. Let g = v - 23. What is the tens digit of g?
6
Suppose -9*y = 2*i - 60186, -3*y - 150618 = 153*i - 158*i. What is the ten thousands digit of i?
3
Suppose 2*w = 6*w + 24. Let a = -3846 - -3788. What is the tens digit of (a/w + 3/(-1))*6?
4
Let u = -1902 + 2873. Let z = u - 236. What is the units digit of z?
5
Suppose -5*a + 29 = 3*o + 4, 0 = 3*o - 3*a - 9. Suppose 0 = o*w - 6371 - 1414. What is the tens digit of w?
5
Let r(v) = -22*v**2 + 23*v + 151. Let x(j) = -43*j**2 + 46*j + 301. Let p(d) = 5*r(d) - 3*x(d). What is the tens digit of p(-6)?
7
Let w = 18642 - 12422. Suppose w = 17*h - 1804. What is the tens digit of h?
7
Let a be 0 + 8/(-4) + 17. Suppose 417 - 27 = a*z. What is the units digit of 4/3*273/z + 0?
4
Let v(n) = n - 10. Suppose q + 2*q - 33 = 0. Let f be v(q). Suppose 5*o - f = 39. What is the units digit of o?
8
Suppose w + 5*a + 0 - 16 = 0, 2*w + 5*a = 22. Let y(i) = -i**3 + 11*i**2 - 4*i + 2. What is the units digit of y(w)?
8
Let d(i) = -85*i - 85. Let x = -467 - -458. What is the tens digit of d(x)?
8
Suppose 72*q - 26805 - 7971 = 0. Let y(t) = t**3 - t + 298. Let w be y(0). Let r = q - w. What is the hundreds digit of r?
1
Let i = -5300 - -16312. What is the ten thousands digit of i?
1
Let g(m) = -767*m + 752*m - 3*m**2 + 2*m**2 + 0 - 10. What is the tens digit of g(-11)?
3
Let f = -63 - -65. Let b(c) = -7*c**2 + 3*c + 6*c + 2*c**3 + 3*c**f + c. What is the tens digit of b(5)?
0
Suppose -8*y + 4690 = -18*y. Let h = 2309 + y. What is the tens digit of h?
4
Let w = -126 - -126. What is the units digit of (-30)/6 - w - -12?
7
Suppose 0 = -5*q - 3*m - 1034, 1019 = -5*q - 0*q + 2*m. Let p = q + 347. Let k = p + -76. What is the tens digit of k?
6
What is the ten thousands digit of 10985 + 13 + 57 + -31?
1
Let u(n) = -8*n**2 + 703*n - 68. What is the thousands digit of u(44)?
5
Let b be (-1)/7 - (-12672)/112. Let n = b - 75. What is the tens digit of 269/3 + n/(-57)?
8
Let l(t) be the first derivative of -5/3*t**3 - 1/2*t**2 + 32 - 2*t**4 + 5*t. What is the tens digit of l(-3)?
7
Let w = -59 - -71. Let u(s) = 80*s - 74*s + s**2 - w + 2. What is the tens digit of u(7)?
8
Suppose 0 = 51*g + 5*g - 521472. What is the units digit of g?
2
Let u be 27/(-6) + (-6)/12 + 8. Suppose -5574 = -3*f - u*f. What is the units digit of f?
9
Let s(t) = 38*t**2. Suppose 2*f - 4 = -2. Suppose -l - 2*a = -2 - 3, -2*a - f = -5*l. What is the units digit of s(l)?
8
Suppose 161064 = 4*w + 3*h, 662*w - 2*h = 659*w + 120781. What is the thousands digit of w?
0
Let f(l) = 7*l + 5. Let p be f(-7). Suppose -48*m = -2*m - 5060. Let k = m - p. What is the hundreds digit of k?
1
Suppose -5*o + 3*i + 25 = 0, 3*o + 3 = 5*i + 2. Let y(k) = -11*k - 2 - 8 - 54*k - o. What is the hundreds digit of y(-3)?
1
Suppose 3*i = 31*o - 36*o + 106253, 4*o = 4. What is the ten thousands digit of i?
3
Let z = -245 - -417. Suppose r - 180 - z = 0. What is the units digit of r?
2
Suppose 3*a + 2*q - 17 = 0, 3 - 4 = -a + 4*q. Suppose a*c - 32 = x, 0 = c - 0 - 2. What is the units digit of x/(-6) + (-7)/(-42)*2?
4
Let u(w) = 14 + 4*w + w**2 + w**3 - 2*w**3 - 4*w**2. Suppose 0 = 2*y + g + 4, -13*y + 14 = -17*y + g. What is the units digit of u(y)?
2
Suppose 767 = -16*o + 25519. Let x = -1057 + o. What is the units digit of x?
0
Suppose -82*q + 76*q - 1398 = 0. Let k = 273 + q. What is the tens digit of k?
4
Suppose -31465 + 62221 = 28*l - 129544. What is the thousands digit of l?
5
Let u be 30/8 - (0 - (-1)/(-4)). Let h(g) = 0*g**3 + 16*g - 2*g**2 - 5*g**3 - 13*g - 2*g + u. What is the tens digit of h(-2)?
3
What is the units digit of 58/(-203) + 307420/28?
9
Suppose 208*v + 13*v - 5*v - 2843208 = 0. What is the thousands digit of v?
3
Suppose -18*m = -16*m + 158. Let o = -148 - m. Let q = o - -152. What is the tens digit of q?
8
Let f be (0 - (-1 + 2))*(-22 + 22). Suppose -1 = -m - 6, 3*n + m - 898 = f. What is the units digit of n?
1
Let m be 1 + 46/4 + 26/(-52). Let h = 9 + -6. What is the units digit of h/((-108)/6) + 3218/m?
8
Let p(x) = 16*x + 84. Let i(q) = -q**3 - 23*q**2 + 78*q + 28. Let m be i(-26). What is the tens digit of p(m)?
3
Suppose 0 = 23*p - 13*p - 30870. Let h = -2186 + p. What is the hundreds digit of h?
9
Let x = -524 + 503. What is the units digit of ((-91)/x)/(3/981)?
7
What is the thousands digit of (5/2)/5*(-23 - -9997)?
4
Let n(s) = -119*s**2 + 1. Let a be n(1). Suppose -4*w = 3*g - 840, w + g = -2*w + 630. Let d = w + a. What is the tens digit of d?
9
What is the thousands digit of 20 + -3 - (-8118318)/111?
3
Let a(d) = -10*d**3 - 13*d**2 + 14*d - 146. What is the ten thousands digit of a(-13)?
1
Suppose -41*j - 997 - 110 = 0. Let p(o) = -o**3 - 23*o**2 + 67*o + 80. What is the tens digit of p(j)?
8
Suppose -4*d = -c - 27 + 195, 0 = 4*c - 2*d - 630. Let l be (-2)/(-4) - -3*(-1688)/(-48). Let y = c - l. What is the units digit of y?
0
Let b be 3/9 + 1 + 10/6. Let f(m) = 38*m**2 + 22*m - 68. What is the hundreds digit of f(b)?
3
Let h be -1401*(-4 - (9 - 12)). Let z = 591 + h. What is the thousands digit of z?
1
Let c(i) = -6*i**3 - 19*i**2 + 31*i + 56. What is the thousands digit of c(-20)?
9
Let j(m) = -8*m**2 - 8*m**2 - 17 + 2*m**3 - 4*m + 22*m + 4*m**2. What is the tens digit of j(8)?
8
Suppose 4*q + h = 1110, -q + 0*q + 2*h + 282 = 0. Suppose -16*j = -93*j - 15688 + 1751. Let u = j + q. What is the tens digit of u?
9
Let s be -505*(-6)/((-36)/(-6)). Let k = 1711 - s. What is the thousands digit of k?
1
Suppose 10*p - 20425 = -4435. Suppose -44*g = -47*g + p. What is the tens digit of g?
3
Let a = -262 + 264. Suppose -6337 = -5*y - c + 522, 4*y = a*c + 5490. What is the hundreds digit of y?
3
Let q(j) = 30 + 2*j**2 - j**2 - 27 - 8*j. Let a be q(7). What is the units digit of -1*(10/a)/5*92?
6
Let z(n) = -n**2 + 14*n - 21. Let w be z(9). Let p(h) = 2*h - 47. Let g be p(w). What is the tens digit of (g + 5)*(84/9 + -3)?
3
Suppose -o + 3 = -3*j, -5 = -3*o + 5*j + 8. Suppose -o*u + 2*u + 2188 = 0. What is the tens digit of u?
4
Let k = 702 + -221. Suppose -449 = -5*h + k. What is the tens digit of h?
8
Suppose -5*q - 9 + 49 = 0. Suppose 4*b - 3*g = 11 + q, 0 = -b - 5*g - 24. What is the hundreds digit of 2*b/(-2)*-234?
2
Let s(o) = 484*o + 2039. What is the hundreds digit of s(19)?
2
Let m(r) = 6*r**2 + 5*r - 4. Let n be m(1). Suppose -n*u = -2*u + 4*f - 2970, -3*f - 2345 = -4*u. What is the tens digit of u?
9
What is the units digit of ((-832)/3)/(1416/720 - 